- 7. Let t(z) = 2*d(z) - 5*f(z). Let h(x) = y*s(x) - t(x). Give h(5).
-6
Suppose 4*r = 2*n - n - 12, -2*n = 5*r + 2. Let o be r*3/(-6)*-1. Let a(s) = 1 - s + 6*s + 3*s. Determine a(o).
-7
Let g(i) = -10*i**2 - i. Suppose 2*s - 22 = s - 5*l, 5*s - 26 = -4*l. Suppose s*a - 4 = -2. What is g(a)?
-11
Let u(w) = 2*w - 1. Suppose -5*h + 3*h - 3 = -i, 4*h - i = -7. Give u(h).
-5
Let d(r) = 5*r**3 + 5*r**2 - 4*r - 5. Let z(b) = b**3 + b. Let i(q) = d(q) - 4*z(q). Suppose 5*y + 30 = -0*y. Calculate i(y).
7
Suppose 9*h - 4*h = -10. Let a = h + -1. Let z(q) be the first derivative of -q**3/3 - q**2/2 + 3*q - 1. Give z(a).
-3
Let i(g) = 3*g**2 + 3*g - 8. Let o(u) = 13*u**2 + 13*u - 33. Let p(n) = -9*i(n) + 2*o(n). Calculate p(0).
6
Let y(o) = 3*o - 8. Let m(d) = 2*d - 5. Let v(x) = 8*m(x) - 5*y(x). Let z be 2*(0 - -1) - 2. Suppose 3*c - 5*n - 5 = -z, 4*c - 5*n = 0. Give v(c).
-5
Let u(q) = 0*q + 2*q - q + 6 + 0*q. Let g(y) = y**3 + 7*y**2 + y + 2. Let j = 11 - 18. Let b be g(j). Calculate u(b).
1
Let v(q) = -q**2 + 4*q + 5. Suppose -18 = 3*t + 2*c + 7, 2*t - 4*c = -22. Let h(n) = n**2 + 6*n + 4. Let l be h(-4). Let w = l - t. Determine v(w).
0
Let l(b) = b**3 + b**2 - 2*b - 1. Let j(u) = 9*u**3 - u**2 + 6*u + 3. Let f(s) = -j(s) - 2*l(s). Let i = 1 + -2. Determine f(i).
11
Let q(x) = -2*x - 21. Let j(w) = -w - 11. Let d(y) = 7*j(y) - 4*q(y). Give d(-5).
2
Let f = -104 + 99. Let n(r) = 4*r + 5. Determine n(f).
-15
Let r be 0/(2/(4/(-2))). Suppose -v - 2*v = r. Let z(g) be the third derivative of -g**6/120 + g**4/24 - g**3/3 + g**2. Determine z(v).
-2
Let t be -15*((-20)/12 + 2). Let o(c) = -c + 1. What is o(t)?
6
Let p be 5 + 4/2*-1. Let y(s) = -2*s**2 + 5 + 3*s**2 - 3*s - 8. Calculate y(p).
-3
Let a(o) = o + 2. Suppose 5*y = 16 + 4. Suppose 0 = f + 3*h - 6*h - 3, 2*f + 4*h = -y. Let g be ((-4)/(f - 2))/(-1). Determine a(g).
0
Let q(d) = 10*d**2 + 10*d + 13 + 6*d - 5*d + d**3. Give q(-9).
-5
Let u(g) = -2 - 3*g - g**3 - 3*g - 3*g - 3*g**2 + 4*g. What is u(-3)?
13
Let k(o) = o**3 + 7*o**2 - 10*o + 6. Let q(l) = -5 + l - l**2 + 4 + 0. Let x(t) = -k(t) - 6*q(t). Calculate x(-3).
6
Let a(x) = 5*x**3 + 2*x + 1. Let w(p) = -2*p - 1. Let z be w(2). Let y(j) = -j**2 - 2*j - 1. Let o(h) = h. Let m(b) = -3*o(b) + y(b). Let n be m(z). Give a(n).
-6
Let p be 6/(-30) + 108/(-10). Let i(w) = -w**2 - 11*w + 4. Let v be i(p). Let n(f) = 3*f - 1. Let u(j) = -2*j + 1. Let o(b) = -3*n(b) - 4*u(b). What is o(v)?
-5
Let b(k) be the first derivative of k**2 + k + 3. Suppose -t - t - 8 = 0. Let g(l) = l + 2. Let w be g(t). Give b(w).
-3
Let o(c) be the third derivative of -1/24*c**4 + 0 - c**2 + 0*c - 11/6*c**3. Give o(-5).
-6
Let c(w) be the first derivative of -w**4/4 + w**3 - w**2 + 2*w - 1. Let k be 4 + (4 - 7) - -1. Give c(k).
2
Let s be ((-8)/(-24))/((-1)/(-6)). Let r(q) = q + 0*q**3 - 3*q + 0*q**2 + 2*q**3 - q**s. Give r(-2).
-16
Let d(v) = v**3 - 3*v**2 - 7*v - 1. Let m(i) = 3*i - 3*i + i + 0*i. Let b be m(5). Calculate d(b).
14
Let p be 3/2*8/6. Suppose -f + p + 0 = 0. Let q(d) = 4*d**3 - 2*d**3 + d**f - d**3 + 3*d**2. Determine q(-4).
0
Let z(t) = 2*t**2 + t + 1. Let m(o) = -o + 12. Let i be m(10). Suppose -12 = 2*r + i*r. Let c be ((-6)/9 - -1)*r. What is z(c)?
2
Let q(f) = 5*f - 4*f**3 + 2*f**2 - 3 + 5*f**3 - 9*f. Calculate q(-3).
0
Suppose -3*j + 6 = -3. Let o(d) = -d**2 + 1. What is o(j)?
-8
Let b(o) = o + 4. Let l(w) = -w**2 - w + 6. Let x be l(0). Suppose 10 - x = -a. Give b(a).
0
Let s(i) = 1. Let g(a) = 5*a - 4. Let f(t) = -g(t) - 2*s(t). What is f(2)?
-8
Let o(z) = -2*z + z + z + 4*z + 3. Suppose 0*a = -4*a - 8. Let r be o(a). Let f(k) = k**3 + 5*k**2 - k - 3. Determine f(r).
2
Let t(i) = -i**3 + i**2 + i + 1. Let j(l) = 4*l**3 - l**2 - 7*l - 6. Let h(b) = j(b) + 5*t(b). Give h(3).
2
Let p(x) = 18*x - 15. Let a(s) = 7*s - 6. Let w(r) = 12*a(r) - 5*p(r). What is w(2)?
-9
Let t(w) = -12*w**2 - w. Suppose 4*f = 3*s + 11, 4*f = 5*s + 7 + 14. Calculate t(f).
-11
Let v be 1 - (-2 + 1 + 0). Let n(t) = 1 - 3*t + 5*t + 6*t**v + 0*t. Suppose 29 - 26 = -3*o. Calculate n(o).
5
Suppose -15 = -2*d + 5*q - 2, -d = -4*q - 8. Let n(z) be the first derivative of -1/2*z**2 - 2 - d*z. Give n(0).
-4
Let z(v) be the first derivative of v**3/3 + 3*v**2/2 + 3*v + 1. Suppose 13 = 2*d + 1. Suppose -w + 3 - d = 0. Give z(w).
3
Suppose 9 = 5*n - 16. Let q(x) = 5*x + x**3 + 0*x**2 - 5 - 9*x**2 - 1 + 3*x**2. Determine q(n).
-6
Let q be 2/5 - 4/10. Suppose q = 2*w - 7*w. Suppose -24 = -w*f - 4*f. Let m(u) = -u**3 + 7*u**2 - 5*u - 7. Give m(f).
-1
Let t(h) = -4*h - 1. Let u(j) = j. Let d(x) = t(x) - 2*u(x). Suppose -8*l + 3*l + 13 = 2*w, -4*w - 1 = l. Determine d(w).
5
Let h(j) = -4*j**3 + 12*j**2 + j + 8. Let c(b) = b**3 - 3*b**2 - 2. Let z(t) = -9*c(t) - 2*h(t). Give z(2).
2
Let k(f) be the third derivative of -f**6/120 + f**4/24 + 6*f**2. Determine k(0).
0
Let b = -2 - -7. Suppose -b = -5*u, o = 4*o - u - 5. Let q be (4/(-4))/(1 - o). Let l(c) = 6*c. Calculate l(q).
6
Let v(a) = a**2 + 1. Let b be (-141)/(-12) + 2/8. Suppose -2*m - 2*w + b = 2*w, -3*w = 5*m - 9. Give v(m).
1
Let g(p) = 3*p**3 + 6*p**2 + p - 6. Let q(c) = -2*c**3 - 5*c**2 - c + 5. Let y be ((-4)/2)/((-2)/(-7)). Let n(o) = y*q(o) - 6*g(o). What is n(-1)?
3
Let c be (-4)/3*3/(-2). Let j(l) be the first derivative of 2*l + 0*l**c + l**2 - 1 + 0*l. Calculate j(-5).
-8
Let m(k) = 3*k - 2. Let v be -3 + 1 - (-4 - 0). Let j be m(v). Let b(z) = -z**2 + 6*z - 1. Give b(j).
7
Let y(s) = s**2 + 4*s - 2. Let z be 34/(-6) - 8/(-12). Give y(z).
3
Suppose -18 = s + 2*s. Let n(h) = -h**2 - 4*h + 4. Calculate n(s).
-8
Let t(i) = -8*i**3 + 1. Let u(n) = -8*n. Suppose -2*j - 2 = -0*j. Let g be u(j). Let r(m) = -m + 7. Let k be r(g). What is t(k)?
9
Let x(f) = 2*f + 3. Let m = 9 + 0. Suppose -2*t - 18 = -0*q - 4*q, -10 = -2*q + 2*t. Suppose 7 + m = -q*v. Determine x(v).
-5
Suppose -f - 5 = -4*s - 1, -2*s + 12 = 2*f. Let l(d) = d**3 - 3*d**2 - 2*d - 1. Give l(s).
-9
Suppose 0 = -2*n - 2*n. Let m be (0 - 3)/((-9)/6). Let j(w) = w - w**3 + 107*w**m + 1 - 107*w**2 + 0*w**3. Determine j(n).
1
Let q be 1*(1 - 0)*1. Let m(k) be the second derivative of -1/6*k**3 - 3/20*k**5 + 0*k**4 - k + 0*k**2 + 0. Calculate m(q).
-4
Let u(v) = -v + 0*v + 2*v + v. Calculate u(-3).
-6
Let b(n) = 3*n - n + 3*n + n**2. Let a be b(-6). Suppose -h - h + a = -f, 4*f - 4*h + 4 = 0. Let w(u) = u - 5. Calculate w(f).
-1
Let h(u) be the third derivative of u**9/60480 + u**8/5040 + u**7/2520 + u**6/240 + u**5/60 - 3*u**2. Let z(s) be the third derivative of h(s). Determine z(-3).
6
Suppose -2*a + 3*m = m + 10, -4*m = -3*a - 20. Suppose a = -3*v + 10 + 5. Let i(d) = d + v - 2 + 5*d. Give i(-2).
-9
Let u(j) = j + 10. Let i be u(-18). Let l(x) = x + 2. Calculate l(i).
-6
Let z(q) = 1 - 5 + 6 + 0*q + q. What is z(-6)?
-4
Let s(f) = -f + 6. Let m be 3 - (0 - (-2)/(-2)). Let g be s(m). Let u be (-2 + 4 - g)/2. Let q(p) = -p**3 - 5. Determine q(u).
-5
Let f(u) = -u**2 + 9*u - 9. Suppose 5*l = 4*j - j + 30, -2*j = 5*l - 30. Calculate f(l).
9
Let f(k) = -5*k**3 - 19*k**2 + 29*k. Let g(j) = -j**3 - 4*j**2 + 6*j. Let v(z) = 2*f(z) - 11*g(z). Calculate v(-7).
7
Let f(r) = -2*r + 2. Suppose -3 = -m, 3*m - 39 = -5*d - 15. Give f(d).
-4
Let w(n) = n**3 - 8*n**2 + 10*n - 6. Let z be w(7). Suppose -4*a + z = 7. Let v be (a + -2)/(0 + -2). Let s(j) = j - 6. What is s(v)?
-6
Let g be 6/(-4)*(-132)/9. Suppose y = 5*o - 10, 4*y = o + o - g. Let u(d) = -2*d - 5. Determine u(y).
5
Let n be 3/2*(-16)/6. Let q = 0 - n. Let z(x) = q*x**3 - 5*x**2 - 3*x**3 - x + 0*x**3 + 6. Calculate z(5).
1
Let q be 122/(-8) - 3/(-12). Let m be (-2)/(-6) - 10/q. Let a(f) = -f**2 + f**3 + 1 - 2 + 2*f**2. What is a(m)?
1
Let g(x) be the first derivative of x**4/4 + 4*x**3/3 + 2*x**2 + 2*x + 11. Suppose 4*h - 3 = 2*u + h, -u - 4*h - 7 = 0. Determine g(u).
-1
Let m be (-1 - -2)*(-2 + -9). Let v = -9 - m. Let l(p) = -v + p + 7 + 4*p - p**2. Give l(5).
5
Let f(s) = -2*s**2 + s - 1. Let v(c) = -c**2 - 12*c - 15. Let t be v(-10). Let x be 0 + (0/(-3))/(-2). Suppose x*h = t*h - 10. Determine f(h).
-7
Suppose -v + 6*v + 20 = 0, 18 = -3*u - 3*v. Let q = -1 - u. Let f(i) = 0 + i**2 + i + 0. Calculate f(q).
2
Let m(u) = u**3 + 2*u**2 - 2*u - 3. Let h be m(-2). Let c(z) = -z**2 - z**3 + 0*z**2 - z**2 + 2 - h. Calculate c(1).
